nder when 419 is divided by 183.
53
What is the remainder when 284 is divided by 30?
14
What is the remainder when 960 is divided by 121?
113
Calculate the remainder when 634 is divided by 206.
16
What is the remainder when 146 is divided by 78?
68
Calculate the remainder when 741 is divided by 24.
21
Calculate the remainder when 66 is divided by 17.
15
What is the remainder when 2000 is divided by 32?
16
Calculate the remainder when 61 is divided by 29.
3
Calculate the remainder when 1680 is divided by 170.
150
Calculate the remainder when 503 is divided by 18.
17
What is the remainder when 244 is divided by 73?
25
What is the remainder when 151 is divided by 52?
47
Calculate the remainder when 2757 is divided by 57.
21
Calculate the remainder when 207 is divided by 10.
7
Calculate the remainder when 161 is divided by 18.
17
Calculate the remainder when 2059 is divided by 149.
122
What is the remainder when 206 is divided by 11?
8
What is the remainder when 243 is divided by 74?
21
What is the remainder when 75 is divided by 6?
3
What is the remainder when 59 is divided by 25?
9
Calculate the remainder when 783 is divided by 313.
157
Calculate the remainder when 23 is divided by 17.
6
What is the remainder when 1735 is divided by 51?
1
Calculate the remainder when 74 is divided by 45.
29
Calculate the remainder when 1976 is divided by 252.
212
What is the remainder when 1863 is divided by 73?
38
Calculate the remainder when 309 is divided by 39.
36
Calculate the remainder when 845 is divided by 77.
75
Calculate the remainder when 811 is divided by 104.
83
Calculate the remainder when 2506 is divided by 33.
31
Calculate the remainder when 223 is divided by 47.
35
Calculate the remainder when 14 is divided by 12.
2
Calculate the remainder when 412 is divided by 32.
28
Calculate the remainder when 1280 is divided by 424.
8
Calculate the remainder when 12698 is divided by 83.
82
Calculate the remainder when 104 is divided by 29.
17
Calculate the remainder when 889 is divided by 180.
169
Calculate the remainder when 269 is divided by 31.
21
Calculate the remainder when 488 is divided by 67.
19
What is the remainder when 134 is divided by 23?
19
Calculate the remainder when 1676 is divided by 332.
16
Calculate the remainder when 750 is divided by 17.
2
Calculate the remainder when 4133 is divided by 465.
413
Calculate the remainder when 148 is divided by 26.
18
Calculate the remainder when 977 is divided by 28.
25
What is the remainder when 7006 is divided by 13?
12
Calculate the remainder when 1003 is divided by 48.
43
Calculate the remainder when 99 is divided by 28.
15
Calculate the remainder when 620 is divided by 69.
68
What is the remainder when 65 is divided by 33?
32
What is the remainder when 857 is divided by 418?
21
What is the remainder when 769 is divided by 10?
9
What is the remainder when 1356 is divided by 151?
148
Calculate the remainder when 541 is divided by 282.
259
What is the remainder when 9320 is divided by 39?
38
What is the remainder when 968 is divided by 57?
56
What is the remainder when 3973 is divided by 97?
93
Calculate the remainder when 7106 is divided by 2368.
2
What is the remainder when 430 is divided by 397?
33
What is the remainder when 109 is divided by 37?
35
Calculate the remainder when 646 is divided by 321.
4
What is the remainder when 1983 is divided by 154?
135
Calculate the remainder when 333 is divided by 31.
23
Calculate the remainder when 273 is divided by 90.
3
Calculate the remainder when 66 is divided by 6.
0
What is the remainder when 454 is divided by 125?
79
What is the remainder when 105 is divided by 4?
1
Calculate the remainder when 372 is divided by 11.
9
Calculate the remainder when 353 is divided by 6.
5
Calculate the remainder when 32 is divided by 13.
6
What is the remainder when 984 is divided by 99?
93
Calculate the remainder when 15338 is divided by 3066.
8
What is the remainder when 637 is divided by 108?
97
What is the remainder when 4822 is divided by 24?
22
Calculate the remainder when 1603 is divided by 146.
143
Calculate the remainder when 55 is divided by 35.
20
Calculate the remainder when 446 is divided by 50.
46
Calculate the remainder when 350 is divided by 309.
41
What is the remainder when 490 is divided by 38?
34
What is the remainder when 537 is divided by 60?
57
Calculate the remainder when 98 is divided by 63.
35
What is the remainder when 1000 is divided by 31?
8
Calculate the remainder when 6815 is divided by 31.
26
What is the remainder when 14 is divided by 6?
2
Calculate the remainder when 12 is divided by 9.
3
What is the remainder when 495 is divided by 52?
27
What is the remainder when 370 is divided by 53?
52
Calculate the remainder when 479 is divided by 125.
104
Calculate the remainder when 35 is divided by 34.
1
What is the remainder when 4498 is divided by 4?
2
Calculate the remainder when 337 is divided by 49.
43
Calculate the remainder when 55 is divided by 19.
17
Calculate the remainder when 266 is divided by 127.
12
Calculate the remainder when 883 is divided by 124.
15
What is the remainder when 4333 is divided by 1438?
19
Calculate the remainder when 57 is divided by 21.
15
Calculate the remainder when 189 is divided by 23.
5
What is the remainder when 466 is divided by 294?
172
Calculate the remainder when 474 is divided by 69.
60
Calculate the remainder when 1631 is divided by 68.
67
Calculate the remainder when 214 is divided by 54.
52
What is the remainder when 366 is divided by 191?
175
What is the remainder when 1073 is divided by 49?
44
What is the remainder when 411 is divided by 192?
27
What is the remainder when 993 is divided by 83?
80
What is the remainder when 109 is divided by 41?
27
Calculate the remainder when 233 is divided by 6.
5
Calculate the remainder when 4246 is divided by 85.
81
Calculate the remainder when 1434 is divided by 244.
214
What is the remainder when 1494 is divided by 68?
66
Calculate the remainder when 4316 is divided by 15.
11
What is the remainder when 27332 is divided by 268?
264
Calculate the remainder when 245 is divided by 32.
21
What is the remainder when 8319 is divided by 53?
51
Calculate the remainder when 390 is divided by 70.
40
What is the remainder when 4141 is divided by 1377?
10
What is the remainder when 477 is divided by 119?
1
Calculate the remainder when 543 is divided by 111.
99
Calculate the remainder when 1534 is divided by 32.
30
Calculate the remainder when 364 is divided by 112.
28
What is the remainder when 24 is divided by 2?
0
Calculate the remainder when 180 is divided by 31.
25
Calculate the remainder when 189 is divided by 41.
25
What is the remainder when 3148 is divided by 44?
24
What is the remainder when 9396 is divided by 39?
36
Calculate the remainder when 1025 is divided by 13.
11
What is the remainder when 211 is divided by 98?
15
What is the remainder when 339 is divided by 65?
14
Calculate the remainder when 283 is divided by 24.
19
Calculate the remainder when 5350 is divided by 12.
10
What is the remainder when 40306 is divided by 58?
54
What is the remainder when 3660 is divided by 9?
6
Calculate the remainder when 24 is divided by 4.
0
What is the remainder when 365 is divided by 95?
80
What is the remainder when 244 is divided by 102?
40
Calculate the remainder when 40 is divided by 3.
1
What is the remainder when 308 is divided by 105?
98
Calculate the remainder when 1401 is divided by 36.
33
What is the remainder when 696 is divided by 16?
8
Calculate the remainder when 42 is divided by 5.
2
Calculate the remainder when 147 is divided by 22.
15
What is the remainder when 2989 is divided by 34?
31
What is the remainder when 663 is divided by 111?
108
What is the remainder when 953 is divided by 18?
17
Calculate the remainder when 161 is divided by 13.
5
Calculate the remainder when 51 is divided by 19.
13
What is the remainder when 2195 is divided by 18?
17
Calculate the remainder when 115 is divided by 59.
56
What is the remainder when 219 is divided by 20?
19
Calculate the remainder when 39 is divided by 24.
15
What is the remainder when 687 is divided by 4?
3
Calculate the remainder when 178 is divided by 96.
82
What is the remainder when 24 is divided by 1